 -1).
2
What is the value of (6 - (-5 - -4)) + -2?
5
Calculate -11 + 7 + (0 - 2) - -1.
-5
What is the value of 6 + (3 - 1 - (0 - -1))?
7
Evaluate -5 - (-11 - 8 - -9).
5
Evaluate (5 - 2) + 3 + -2 + 1.
5
Evaluate (14 - 10) + -2 + 4 + -3.
3
What is the value of -4 - (-7 + -1 + -1)?
5
-10 - (-20 + 11 - -4)
-5
Evaluate 8 - 2 - (-3 + 13).
-4
0 - 2 - -2 - -2
2
What is the value of 7 - (-1 - -6) - 2?
0
Evaluate -3 - (-4 + 3 + -10).
8
What is the value of 0 + 4 + (-4 - 1) + 3?
2
Evaluate 193 + -205 + (1 - 1) + 3.
-9
What is the value of -6 - (1 + 3 - 10) - 0?
0
What is the value of -8 + -2 + 4 - -12?
6
What is (1 - -2) + -6 + 0?
-3
Evaluate -3 + -2 + 6 + -8 + 3.
-4
What is the value of 9 + (-12 - (-1 - -4))?
-6
What is the value of 24 + -26 - (5 - 1)?
-6
1 + (-7 - -1) + -19 + 25
1
Calculate -2 + -1 + (6 - -2).
5
Evaluate 0 + (-2 - -6) + -9.
-5
What is the value of 2 + (0 - 0) + -2?
0
What is the value of 3 + (-2 - 1) + 4?
4
Calculate (2 - 0) + -3 + -5 + 4.
-2
1 - (-1 - (-3 + 5) - -4)
0
Evaluate -6 + 2 + (0 - -3) - 1.
-2
-1 + (-2 + 9 - 2)
4
What is the value of -3 + 3 + -1 + -2?
-3
Calculate 6 + -8 + -6 + 2.
-6
What is the value of -4 - ((-2 - 3) + 0)?
1
-4 + (-2 - (-2 - -1) - -4)
-1
Calculate (-2 + 3 - -3) + -9.
-5
What is the value of 5 - 3 - (5 + -6 - 2)?
5
(-5 - (5 - 9)) + 2
1
7 - 4 - 4 - (1 + 0)
-2
Evaluate -3 + -12 - (-10 + 1).
-6
Calculate 0 + 5 + (-5 - -6) + -5.
1
Evaluate -8 - (-2 + (1 - 2) - 1).
-4
What is the value of (2 - 0) + -5 - (-2 - 0)?
-1
What is the value of 23 + -17 + -11 + (0 - 1)?
-6
Calculate (9 + -7 - -3) + 3 + -2.
6
What is 2 - (0 - (3 + -2) - 2)?
5
What is 10 + -15 - (-2 - -2)?
-5
What is the value of -7 + (7 - (7 - (3 - -2)))?
-2
What is the value of -10 + 0 + -1 - -5?
-6
Evaluate 1 + 0 + 5 + -11.
-5
-2 + 1 - (-9 + 4)
4
-4 - ((-2 - 4) + 3)
-1
What is 4 - (6 - (4 + -7))?
-5
-6 - (-8 + -1 + 6 - 3)
0
Calculate 3 + (0 - -4 - 6).
1
(2 - -2) + -3 + 2 + 1
4
Calculate -4 - (-1 - -2) - -3.
-2
Calculate 0 - (0 + 1 + 1 + -2).
0
Evaluate 5 + -4 + -2 + 8.
7
What is -8 - ((3 - (3 - 4)) + -8)?
-4
Calculate 1 - (6 + (-9 - -5)).
-1
Evaluate -5 - (-1 - -4 - 4).
-4
-3 - ((0 - -5) + -7)
-1
What is the value of (-5 - -14) + 2 + -9?
2
What is the value of -2 + -9 + 7 + 3?
-1
Evaluate -2 - ((-4 - 3) + 7).
-2
What is the value of -3 + (-3 - 0) - -4?
-2
What is 11 + -14 + 2 + 7?
6
Calculate (0 - -1) + 2 + -6 + -1.
-4
What is the value of -4 + 2 + 4 + (5 - 10)?
-3
Evaluate 8 - -1 - (9 + -6 + 0).
6
Evaluate 0 + -2 + 1 - (8 - 10).
1
Calculate -3 - -2 - (18 - 19).
0
Calculate 50 - 54 - (1 - 5).
0
What is the value of 4 - (-4 + 4 + 2)?
2
What is the value of (-2 + 2 - -4) + -4 - -4?
4
Calculate -23 + 28 + 0 + (0 - 7).
-2
Calculate (-21 - -17) + (-1 - (-2 + -3)).
0
What is (-2 - 1) + (12 - 5) + -5?
-1
What is -4 - (6 - 5) - -11?
6
Calculate 8 - (-2 + 7) - (7 - 1).
-3
What is the value of 4 + (-3 - (5 - 4))?
0
What is the value of (5 - -3) + (-8 - -3)?
3
11 - 1 - (2 + 5 + -2)
5
What is the value of 0 + 4 + -6 + 14 + -8?
4
What is the value of 5 + (-5 - (-3 - -1))?
2
What is -25 - -14 - (-1 + -3)?
-7
What is (-8 - -1) + -43 + 57?
7
What is -1 - 0 - (-4 - (2 - 12))?
-7
(-4 - -5) + -1 + 3
3
Calculate 4 + (9 - 14 - -4).
3
-7 - (-4 + 1) - -1 - -2
-1
-3 - (8 - 14) - (0 - 6)
9
What is 0 + (-1 - 1) - -2 - 0?
0
Evaluate -3 - (-4 + 4 - 2).
-1
Calculate (-1 - -1) + 8 + -5.
3
What is -2 - -3 - (4 - -1 - 2)?
-2
-6 - 2 - (-9 + 4)
-3
What is 4 + -13 - (0 - 2)?
-7
What is the value of 10 + -1 + -14 + -3?
-8
What is 2 - (2 + -1 + -3)?
4
Calculate -67 - -60 - (-6 - 1).
0
Evaluate -66 + 65 - (-1 - -9).
-9
Evaluate -5 - 0 - (-3 + -2).
0
-1 + (-5 - 2) + -1 - -20
11
What is the value of -5 - (3 + (0 - (1 - -2)))?
-5
Evaluate (-1 - -1) + 32 + -27.
5
Calculate 1 - 0 - (9 - 3).
-5
Calculate 6 - 2 - (-4 - (-3 + -7)).
-2
Calculate (5 - 1 - 1) + (-4 - -1).
0
What is the value of 6 + (-7 + (2 - 8) - 1)?
-8
What is -1 - (7 - (-10 - -10))?
-8
What is (0 + 1 - 2) + 2?
1
What is -4 - ((-6 - -11) + 6 + -7)?
-8
What is the value of -8 + 1 + (6 - 3)?
-4
What is the value of 3 + -5 - -9 - 13?
-6
Calculate (7 - (1 - -3)) + -2 + -6.
-5
Evaluate (-5 - (-4 + 10)) + 15.
4
Calculate -1 - ((4 - 6) + -8 + 3).
6
Evaluate (-6 - (-11 - -6)) + 4.
3
-2 + (4 - 3) + 7 + -4
2
What is the value of -4 - (-2 + (3 - -1 - 2))?
-4
Calculate (43 - 39) + -8 + -1 + 2.
-3
What is 7 - 5 - 7 - -3?
-2
Calculate -1 + -1 + -1 + (4 - 0).
1
What is 3 + 0 + 2 + (-2 - -2)?
5
What is (0 - -3) + 0 + -2 + 3?
4
Calculate -6 + (-7 - -8) + 3 + 6.
4
What is the value of 6 + -1 - (2 - 5 - -3)?
5
What is the value of (-10 - -13) + (-4 - -1)?
0
Evaluate (10 - 17) + -6 + 5.
-8
What is 2 + -3 + -1 + 3 - -4?
5
Evaluate 304 + -302 + (-1 - 0) + -1.
0
Calculate 0 + 3 + -12 - (-5 + 1).
-5
Evaluate 4 - 2 - (3 - (3 + -2)).
0
What is the value of -2 + 0 + -1 - (-9 + 4)?
2
What is the value of -8 - (-4 + -1 - 3)?
0
Calculate -6 + -13 + 26 - (13 + 3).
-9
Calculate -3 - (9 + -12) - (0 - 2).
2
What is the value of -6 - (-4 + (-1 - -2))?
-3
-2 + 4 + -5 + (-29 - -34)
2
What is the value of -2 + (3 - 1) + 3?
3
What is the value of -5 + (3 - (6 + -5) - -3)?
0
Calculate -8 + 12 - (4 - (-1 - -2)).
1
2 + -2 + -3 + 3
0
Calculate -5 + 4 + 3 + (0 - -3).
5
-4 + 6 + 5 + -3 - 2
2
Evaluate -5 - (-7 + -1 - 1).
4
-2 - (6 + -10 - 0)
2
2 + (-5 - -5) + -5
-3
What is -3 + -1 - ((-4 - 11) + 10)?
1
-10 + 7 + 4 + 3
4
Calculate -14 + (2 - (5 - 13 - -3)).
-7
What is 2 + (10 - 5) - 10?
-3
Calculate (-4 - 0) + -6 + -5 + 9.
-6
What is -4 - 0 - -3 - 0?
-1
What is the value of -2 - (0 - (2 + 5 + -7))?
-2
Calculate 6 + 0 - (-5 - -7).
4
(2 + (-4 - -5) - 10) + 2
-5
(15 - (7 - 0)) + -4
4
What is the value of (-1 - 2) + -1 + 4?
0
What is the value of (4 - 10) + 2 + -1?
-5
(7 - -1) + 9 + -13 - 3
1
Calculate 14 + (-16 - (-5 + -5)).
8
-3 - 4 - 3 - -5
-5
Evaluate 28 + -32 - (1 + -1).
-4
What is 2 + -2 + 4 + -10 + 5?
-1
Evaluate -8 - 6 - (-19 - -4).
1
What is 8 - 3 - (-1 - (-4 - 0))?
2
What is the value of -1 - (-12 + 5 + (-2 - -4))?
4
Calculate 6 - (3 + -1 - (-5 + 2)).
1
What is the value of 12 - 15 - (-3 - -1)?
-1
What is 4 + -6 + (1 - -1) + -4?
-4
Calculate 19 - 14 - (-1 - -5).
1
What is the value of 1 - (2 - -2) - 4?
-7
Evaluate 3 + (10 - 2 - 16).
-5
What is the value of 2 + 0 + (-5 - 0)?
-3
What is -7 + -1 + (4 - 2) + 1?
-5
What is (-11 + 6 - -3) + 5?
3
-1 - (0 - (5 - -1)) - 2
3
What is -4 + 5 - (-1 - -1)?
1
What is the value of 4 - (0 - 2) - (-34 + 46)?
-6
Evaluate -25 + 23 + (-1 - -8).
5
Calculate (1 - 0) + 3 - (7 - 5).
2
What is -3 - (0 + 0 + (1 - -1))?
-5
What is the value of 1 + -7 - (2 - (-11 + 18))?
-1
Evaluate (4 - (-4 - -4)) + -3 + 1.
2
What is the value of (6 - 6) + 9 + (-7 - -7)?
9
What is the value of 17 + -7 + -9 - 3?
-2
Evaluate -6 + 4 + 0 + 1.
-1
-14 + 0 - 1 - (97 - 104)
-8
What is 6 - ((-2 - -6) + 0)?
2
What is -2 + 11 + -1 + 0?
8
Evaluate (-68 - -67) + (5 - 0).
4
What is (0 - (-3 + -1 + 7)) + -2?
-5
What is the value of 4 + -2 + 3 + -1 + -3?
1
What is -6 + 5 + (-1 - 2)?
-4
5 - (0 + 0 - -1)
4
What is the value of -1 + -3 + (4 - -4) + -4?
0
What is the value of -3 - (-1 + -12 - (4 + -9))?
5
Evaluate (-2 + -1 - 2) + 51 + -47.
-1
What is (1 - 1) + (2 - -8) + -14?
-4
Evaluate 0 + 1 + -3 + (-161 - -157).
-6
-25 - -21 - (-9 + -2 + 2)
5
What is -3 + 11 + -7 + 1 - 8?
-6
Evaluate -6 - (-4 - (-2 - 0)).
-4
Calculate 8 - (9 + -4 + 0).
3
(4 + -13 - -3) + 3
-3
What is -4 - (4 + 0 + -8)?
0
Evaluate (-2 - (-2 - 2) - 1) + 4.
5
Calculate -5 + 4 - (0 - 5).
4
Calculate -14 + 3 - (1 + (-3 - -1)).
-10
What is -7 + -3 - (21 + -42)?
11
What is (-52 - -45) + (3 - 1)?
-5
2 - (11 + 8 + -1 + -10)
-6
Calculate (7 - (4 - -5)) + (3 - 4).
-3
What is -1 - (-4 - -3 - -3)?
-3
What is the value of -4 + 4 + -1 + -3 + 3?
-1
Calculate (3 - 1 - -1) + -2.
1
What is (-1 - -6) + 252 + -259?
-2
Calculate (-20 - -17) + (0 - (-14 + 5)).
6
What is the value of 0 - (11 + -2 + -16 + 13)?
-6
Calculate -9 + (-8 + 1 - -12).
-4
Evaluate -3 - -5 - -1 - 3.
0
Evaluate (33 - 30) + (-1 - (0 + -2)).
4
Calculate (-1 - -3) + (-6 - -5).
1
1 + (6 - 4) + 0 + 2
5
(-4 - (-6 + 1)) + (-10 - -8)
-1
3 + -3 - 0 - (-5 + 1)
4
0 - 7 - (-17 + -2 + 14)
-2
Evaluate (5 - 4) + 4 + -8.
-3
10 + (0 - (2 + 3)) - 6
-1
Calculate 2 - (8 - (3 - 1)).
-4
What is 5 + (0 - 2) + 2?
5
(13 - 26) + 9 - (-3 - -6)
-7
Calculate (1 - -2) + -1 - (-1 + -1).
4
Calcu